er?
False
Is 372223 composite?
False
Is 74131 prime?
True
Is 164179 a composite number?
True
Is 11597 a prime number?
True
Is 11027 a composite number?
False
Is 92695 composite?
True
Is 134287 composite?
False
Is 130379 prime?
True
Is 23297 prime?
True
Is 74807 a composite number?
True
Is 45077 a prime number?
True
Is 6701 prime?
True
Is 23395 composite?
True
Is 174037 a prime number?
False
Is 12143 prime?
True
Is 33107 prime?
True
Is 904803 composite?
True
Is 119386 prime?
False
Is 787523 a prime number?
False
Is 35419 composite?
False
Is 111301 a composite number?
False
Is 22799 composite?
True
Is 234313 prime?
False
Is 219335 composite?
True
Is 29897 composite?
True
Is 58271 a prime number?
True
Is 46571 a composite number?
True
Is 12394 composite?
True
Is 83497 composite?
False
Is 109727 composite?
True
Is 405857 composite?
False
Is 7411 a composite number?
False
Is 23357 prime?
True
Is 6415 a prime number?
False
Is 2707 composite?
False
Is 5497 composite?
True
Is 550811 composite?
False
Is 1841 a composite number?
True
Is 24619 a prime number?
False
Is 391331 prime?
True
Is 536369 prime?
False
Is 55193 a prime number?
False
Is 1993 prime?
True
Is 8147 composite?
False
Is 11467 prime?
True
Is 16291 composite?
True
Is 1106458 a prime number?
False
Is 11299 a prime number?
True
Is 33127 a composite number?
True
Is 38261 a prime number?
True
Is 15089 composite?
True
Is 21763 prime?
False
Is 14349 a composite number?
True
Is 10597 a composite number?
False
Is 87251 a composite number?
False
Is 1115119 a prime number?
False
Is 2120009 a composite number?
False
Is 7993 composite?
False
Is 15013 prime?
True
Is 8941 prime?
True
Is 453459 prime?
False
Is 258497 prime?
False
Is 251387 prime?
True
Is 10223 a prime number?
True
Is 8681 a composite number?
False
Is 441787 prime?
True
Is 1313 a prime number?
False
Is 45107 a prime number?
False
Is 60833 prime?
False
Is 485021 prime?
True
Is 4861 a composite number?
False
Is 3637 composite?
False
Is 964697 a composite number?
False
Is 80169 a prime number?
False
Is 393739 a prime number?
True
Is 4253 a prime number?
True
Is 20851 prime?
False
Is 94303 a prime number?
False
Is 712409 a composite number?
False
Is 1949 a prime number?
True
Is 32909 a prime number?
True
Is 194219 a composite number?
True
Is 10289 prime?
True
Is 1399 composite?
False
Is 13301 a prime number?
False
Is 475843 a prime number?
False
Is 1330723 a composite number?
True
Is 6927 a composite number?
True
Is 397391 a prime number?
False
Is 6031 prime?
False
Is 1643 composite?
True
Is 133031 a prime number?
False
Is 70943 a prime number?
False
Is 2053 composite?
False
Is 1250989 a prime number?
False
Is 53353 a composite number?
False
Is 802073 composite?
False
Is 2609 a composite number?
False
Is 47623 a composite number?
False
Is 29327 a prime number?
True
Is 1073 composite?
True
Is 23099 composite?
False
Is 28411 prime?
True
Is 38123 a prime number?
False
Is 389713 a composite number?
False
Is 60811 a composite number?
False
Is 172847 a prime number?
False
Is 513457 a prime number?
False
Is 31877 a composite number?
True
Is 8749 composite?
True
Is 12761 a prime number?
False
Is 99967 a prime number?
False
Is 2452589 a prime number?
True
Is 52723 composite?
True
Is 75419 prime?
False
Is 13373 prime?
False
Is 103171 composite?
False
Is 1034461 prime?
True
Is 534283 a prime number?
True
Is 4507 a prime number?
True
Is 117617 a prime number?
True
Is 20287 a composite number?
False
Is 6779 prime?
True
Is 715357 composite?
False
Is 37049 a prime number?
True
Is 2075966 a composite number?
True
Is 20437 prime?
False
Is 48593 a prime number?
True
Is 4586 prime?
False
Is 19369 a prime number?
False
Is 209753 prime?
False
Is 227977 a composite number?
False
Is 1505711 composite?
False
Is 72017 a composite number?
True
Is 143326 prime?
False
Is 28097 composite?
False
Is 46297 a composite number?
True
Is 1921 a composite number?
True
Is 1550221 a composite number?
False
Is 10903 prime?
True
Is 12781 composite?
False
Is 280633 composite?
True
Is 130173 composite?
True
Is 72019 prime?
True
Is 696047 a composite number?
True
Is 49451 a prime number?
True
Is 15013 prime?
True
Is 166799 prime?
True
Is 215893 prime?
True
Is 2237 composite?
False
Is 105601 prime?
True
Is 739 a prime number?
True
Is 24403 prime?
False
Is 6737 a prime number?
True
Is 5683 prime?
True
Is 26905 prime?
False
Is 141109 prime?
False
Is 3380789 a prime number?
False
Is 72533 a composite number?
False
Is 28343 composite?
True
Is 31669 prime?
False
Is 341141 a prime number?
True
Is 157841 composite?
False
Is 642151 a composite number?
False
Is 31 a composite number?
False
Is 86501 a prime number?
True
Is 1663091 a composite number?
False
Is 105959 composite?
True
Is 10307 a prime number?
False
Is 4531 prime?
False
Is 116089 prime?
True
Is 3251 composite?
False
Is 11549 a prime number?
True
Is 41133 a composite number?
True
Is 202967 a composite number?
False
Is 66467 prime?
True
Is 1039 prime?
True
Is 19277 a prime number?
False
Is 39763 a composite number?
True
Is 543769 a prime number?
True
Is 122277 a prime number?
False
Is 7639 a prime number?
True
Is 16207 prime?
False
Is 577897 a composite number?
False
Is 705389 a prime number?
True
Is 15446 prime?
False
Is 386933 composite?
True
Is 18751 prime?
False
Is 169397 a prime number?
False
Is 20533 prime?
True
Is 2095 composite?
True
Is 18087 a prime number?
False
Is 2053 prime?
True
Is 15259 prime?
True
Is 20639 a prime number?
True
Is 12929 a prime number?
False
Is 39757 composite?
True
Is 49639 a prime number?
True
Is 9601 composite?
False
Is 10529 a prime number?
True
Is 78377 a prime number?
False
Is 13441 a composite number?
False
Is 7534 a composite number?
True
Is 2564627 a prime number?
False
Is 2177 prime?
False
Is 143522 prime?
False
Is 966635 a composite number?
True
Is 24623 a composite number?
False
Is 690355 a prime number?
False
Is 10781 a composite number?
False
Is 59911 a prime number?
False
Is 5431 a prime number?
True
Is 15305 a composite number?
True
Is 36247 a composite number?
True
Is 4177 a prime number?
True
Is 50533 composite?
True
Is 305077 a prime number?
False
Is 16861 prime?
False
Is 5893 composite?
True
Is 809 prime?
True
Is 282257 composite?
True
Is 162923 composite?
True
Is 158857 composite?
True
Is 22721 a composite number?
False
Is 38987 a prime number?
False
Is 1067401 prime?
False
Is 1013458 composite?
True
Is 7499 a composite number?
False
Is 33323 a composite number?
True
Is 1801403 a composite number?
False
Is 11861 composite?
True
Is 897145 a prime number?
False
Is 421463 prime?
False
Is 423601 prime?
True
Is 646757 prime?
True
Is 1721 composite?
False
Is 3713 prime?
False
Is 8347 a composite number?
True
Is 536009 prime?
False
Is 8185 a composite number?
True
Is 177409 composite?
False
Is 17597 a prime number?
True
Is 44463 a prime number?
False
Is 63929 a prime number?
True
Is 53933 composite?
True
Is 56689 a prime number?
False
Is 12709 prime?
False
Is 765847 a prime number?
True
Is 934751 a composite number?
True
Is 52867 prime?
False
Is 2503 composite?
False
Is 153298 composite?
True
Is 1087999 a prime number?
False
Is 135887 a composite number?
False
Is 870901 a composite number?
False
Is 206123 a composite number?
False
Is 191441 composite?
False
Is 381853 a composite number?
False
Is 91187 prime?
False
Is 2653681 a prime number?
True
Is 4663 a composite number?
False
Is 7523 prime?
True
Is 6839 a composite number?
True
Is 10367 composite?
True
Is 23093 prime?
False
Is 120277 composite?
False
Is 586667 a composite number?
False
Is 53341 a prime number?
False
Is 77759 composite?
True
Is 27043 a prime number?
True
Is 35473 prime?
False
Is 23399 a composite number?
False
Is 202021 prime?
True
Is 2520499 prime?
False
Is 157721 a composite number?
False
Is 21687 composite?
True
Is 376117 composite?
True
Is 4105 prime?
False
Is 6101 a prime number?
True
Is 15259 a composite number?
False
Is 573523 a prime number?
True
Is 11579 prime?
True
Is 533633 composite?
False
Is 792339 a prime number?
False
Is 1053953 prime?
True
Is 652063 a prime number?
True
Is 155983 prime?
False
Is 86503 composite?
True
Is 620051 prime?
True
Is 292213 prime?
False
Is 13781 prime?
True
Is 76493 prime?
True